pose -r - 135 = -l*r. Suppose -35 = -2*g - 4*z + r, -2*z - 6 = 0. Is g prime?
True
Let p be -2 + 1 + 24 + 0. Let w = 7 + -11. Let r = w + p. Is r prime?
True
Suppose 17*h = -2*h + 5738. Is h prime?
False
Let i(p) = -p**3 + 11*p**2 + 11*p + 2. Let t be i(12). Let w(u) = u**3 + 11*u**2 - 10*u - 13. Is w(t) prime?
False
Suppose -1 = n - 0*h - 2*h, 0 = h - 2. Suppose -3*q - 168 = -n*p, -2*q - q = p - 64. Is p a composite number?
True
Let j = 1422 + -781. Is j prime?
True
Let s(y) = 32*y + 1. Let l(w) = w - 6. Let p be l(8). Is s(p) a composite number?
True
Let s = -3 + 3. Suppose s = 4*i - 4*c - 252, -5*i + i - 5*c = -207. Is i a composite number?
True
Let k(t) = 4*t - 4. Let p be k(10). Suppose -b + p = -1. Is b composite?
False
Suppose 3*f - c = 253, -4*f + c = -9*f + 411. Is f a composite number?
False
Let k = -55 - -115. Let t = 41 + -4. Let z = k - t. Is z a composite number?
False
Suppose -3*u + 0 = 3. Is 580/2 - (u - -4) composite?
True
Suppose -3*m - 135 = -6*m. Suppose m = -2*x + 5*x. Is x a composite number?
True
Suppose 0 = -r - r. Let f = r - -2. Suppose x + n - 2*n = 78, 163 = f*x + 5*n. Is x a prime number?
True
Let f(v) be the second derivative of -v**3/6 - v**2 + 2*v. Let t be f(-7). Suppose -4*m - t*p = -0*p - 76, 4*p - 30 = -m. Is m a composite number?
True
Let j(o) = 3*o**2 - o - o**2 - o**2 + 31. Is j(0) composite?
False
Suppose -4*k - 32 = 5*s - 117, 5*s - 3*k - 50 = 0. Suppose -135 = -o - y + s, -747 = -5*o + 2*y. Is o a prime number?
True
Let n = 451 - 144. Is n a prime number?
True
Let d(p) = p**2 - 7*p + 4. Let b be d(7). Suppose b*v + 2*y - 340 = 0, -2*v = -v - y - 88. Is v a prime number?
False
Is 142*(-3)/(-6) + 3 + -3 a prime number?
True
Let j(s) = 411*s + 1. Let p(g) = -g**2 + g + 1. Let n be p(0). Let h be j(n). Let t = -203 + h. Is t prime?
False
Let g = -18 + 175. Is g a prime number?
True
Suppose 2*y = -3*y + 635. Suppose 2*j - y - 279 = 0. Is j prime?
False
Is 9*2/12*22 a prime number?
False
Let z be (0*1/3)/1. Suppose -5*m + 741 + 214 = z. Is m composite?
False
Let r = 80 - 53. Let i = r - 4. Is i composite?
False
Suppose -8 = -0*n - 2*n. Suppose 2*r - 5*h + 20 = 4*r, 0 = -4*r + h - n. Suppose 2*x = -r*x + 22. Is x prime?
True
Suppose 0 = -b + 6*b + 3*y - 5579, 0 = 2*b - y - 2236. Is b composite?
False
Let b = -2 - 0. Let n(f) be the first derivative of -f**4/4 - f**3/3 - f**2 - f + 1. Is n(b) prime?
True
Suppose 0 = 4*j + 2*f - 7*f - 101, 4*j - 104 = 4*f. Let t = j - -19. Suppose -5*m + 47 + t = 0. Is m prime?
True
Let o(r) = 32*r - 22. Is o(19) prime?
False
Suppose 0 = -5*d - 2*z - 51, 0 = -5*d + 3*z + z - 63. Let x = d + 5. Is (22/x)/(3/(-45)) a prime number?
False
Let i(k) = 28*k - 39. Is i(16) a prime number?
True
Let q(h) = -3*h**2 + 16*h + 8. Let p(k) = 7*k**2 - 33*k - 17. Let w(s) = 6*p(s) + 13*q(s). Is w(-9) prime?
False
Suppose 243 = -4*h + 5*x, -163 = 4*h + 5*x + 130. Is (1 - -1)/((-2)/h) prime?
True
Let m(o) = -o**2 - 12*o - 1. Let i be m(-9). Suppose 2*x = -4*b + i, -3*x + 4*b + 43 = 14. Is x a composite number?
False
Let k(m) = 57*m - 29. Is k(12) a composite number?
True
Suppose -5 = -5*s + 15. Suppose c - 291 = -3*p + 1, s*p - 2*c - 386 = 0. Is p a prime number?
True
Let t = 10 + -5. Suppose 2*b = 3 + 1. Suppose -265 = -5*a + 4*j, 0*a + t*a + b*j = 235. Is a composite?
True
Suppose 3*h = z - h - 1111, -z = 3*h - 1090. Is z a prime number?
False
Suppose -y + 1 = 4. Is 59/((-10)/4 - y) prime?
False
Let f(g) = -4 + 3*g + g + 4*g**2 + 0*g. Let c be f(3). Let j = c - 30. Is j prime?
False
Let p(d) = d**2 + 8*d + 2. Let y be p(-8). Is (-1)/y*(-594 + 8) a prime number?
True
Let c(v) = -19*v - 4. Is c(-3) prime?
True
Let k be (-1)/((-6)/4)*3. Suppose k*z = -3*z + 420. Suppose i = -3*i + z. Is i composite?
True
Let g = -32 - -283. Is g prime?
True
Let f(b) be the first derivative of b**4/4 - 5*b**3/3 - 5*b**2/2 - 3*b - 2. Let y be f(6). Suppose 5*i = -h + 7, -3*h + 3*i + y = -0*i. Is h prime?
True
Let s(m) = -4 + 3*m + 0*m + 13. Let y be (1 - 0)/((-2)/(-16)). Is s(y) prime?
False
Let u(t) = -t**3 + 6*t**2 - 5*t + 3. Let f be u(5). Suppose 20 = -5*s, 0 = 2*j + f*j - s + 16. Let o(n) = n**2 - 5*n + 1. Is o(j) composite?
False
Suppose 2*v - v = 10. Suppose -5*q + 5*j = -0*q + 45, 0 = -3*q + j - 23. Let u = q + v. Is u composite?
False
Let q(l) be the third derivative of l**6/120 + l**5/15 + l**4/12 + 2*l**2. Let x be q(-4). Is ((-2)/(-5))/(x/(-80)) prime?
False
Suppose 2*c = -3*c - 20. Let l be (-206)/c*(0 + -2). Let n = -24 - l. Is n composite?
False
Suppose -g - 3*g - 16 = 4*m, 5 = -m. Suppose 3 - g = 2*j. Suppose y = j, 3*s - 97 = -2*s - 2*y. Is s a prime number?
True
Suppose -a + 4 + 0 = 0. Suppose -5 + 145 = a*k. Is k prime?
False
Suppose -603 = -5*c + 1557. Suppose a + 97 = c. Is a a prime number?
False
Suppose o - 1967 = 820. Is o a composite number?
True
Let p(t) = 12*t**3 + 6*t**2 + 1. Is p(3) a prime number?
True
Let v(q) be the first derivative of q**4/4 + 11*q**3/3 - 15*q**2/2 + 3*q + 5. Is v(-12) a composite number?
True
Suppose -5*w = 869 - 284. Let b = w + 194. Is b a composite number?
True
Let q be (-4)/(-2)*(8 + -7). Let c(h) = 9*h - 6. Let j(y) = -18*y + 11. Let k(l) = -5*c(l) - 3*j(l). Is k(q) a composite number?
True
Suppose -n - 794 = -3*n. Is n a prime number?
True
Let g(h) be the second derivative of h + 0 + 1/6*h**3 + 37/2*h**2. Is g(0) a composite number?
False
Let u(q) = 51*q + 19. Let f(h) = h. Let d(j) = -2*f(j) - u(j). Let l(z) = -26*z - 9. Let o(b) = -6*d(b) + 13*l(b). Is o(-4) a prime number?
False
Let d = -43 - -96. Is d a prime number?
True
Let l be (-94)/(-10) + (-6)/15. Suppose -2*q - 105 = -4*j - l, -3*j + 83 = 4*q. Is j prime?
False
Let z = 101 - 14. Suppose 0 = 2*q + 4*n - 566, 5*n - 4*n + 2 = 0. Suppose 55 = f - 3*o, 2*o - z = 4*f - q. Is f composite?
True
Let g = -8 + 10. Suppose 2*z - 44 = -g*z. Is z a composite number?
False
Let a = -7 - -10. Is a/3 + 117 + -3 a prime number?
False
Suppose 0 = -2*t - 2*t + 208. Suppose -5*u + u + t = 0. Is u composite?
False
Suppose 3*l - 2*l + 4 = 0. Let n(v) = v**2 + 2*v - 4. Let j be n(l). Suppose 0 = -2*s + j*s - 66. Is s composite?
True
Is 7/(21/(-15)) + 504 composite?
False
Let l(h) = 5*h**3 + 2*h - 4. Let c be l(3). Let r = c - 10. Is r prime?
True
Let z = 7 + -9. Let t(h) = -20*h**3 - 3*h**2 + 1. Is t(z) prime?
True
Let v = -53 - -3. Is v/(-20)*1284/10 a composite number?
True
Let a = 24 + 50. Let c = -37 + a. Is c a composite number?
False
Let l(k) = k**2 + 6*k + 2. Suppose -2*t = 3*t - 2*h + 40, 15 = -5*t - 3*h. Let o be l(t). Suppose -f + 83 = -o*u, -u + 5*u + 77 = f. Is f a composite number?
False
Is 1/((-5860)/1954 - -3) composite?
False
Suppose 0 = -0*h + 3*h - 15. Let a = 103 - 48. Suppose h*j - j = 0, l + j - a = 0. Is l a composite number?
True
Let d(u) = -u**2 + 10*u - 10. Let z be d(7). Suppose 2*x - 1 = z. Suppose -4*m + x = -10. Is m a prime number?
False
Let a(h) = -h**3 + h**2 - 5*h - 1. Let m be a(-8). Suppose 0*g + 5*g = m. Is g prime?
False
Let o be (2/1 - 1) + 4. Suppose 0*d - 4*m - 186 = -2*d, -188 = -2*d + o*m. Is d prime?
True
Let a be (-1)/4 - (-9)/4. Suppose 4*w = a*w + 82. Suppose 276 - w = 5*u. Is u a prime number?
True
Suppose -3*o + 5*q + 5 = 1, -o + 2*q = -1. Suppose -2*h = o*h - 10. Suppose -167 = -h*t + 71. Is t prime?
False
Is 1/((-2)/(-446) + 0) a composite number?
False
Is ((-426)/8)/((-9)/84) a composite number?
True
Let o(n) = -n**3 + n**2 + n + 3. Let r be o(0). Suppose -2*g = -3*s - 41, 4*g + r*s - 113 = -g. Is g composite?
True
Let v(h) = 7*h**3 - 2*h**2 + h - 1. Is v(4) a prime number?
True
Suppose -t = -3*t. Suppose t = 6*a - 3*a - 75. Is a a composite number?
True
Let b be ((-15)/2)/(18/(-552)). Let k = b - 147. Is k a prime number?
True
Let x(w) = -w**3 + 6*w**2 + w - 6. Let b be x(6). Suppose h = -4*h - 5*m, b = -4*h - 3*m + 3. Suppose 6*q - h*q = 201. Is q a composite number?
False
Let n(x) = -189*x - 1. Let b be n(3). Let o be 2 + 0 + -1 - b. Suppose 5*m - o = v, 4*m + v = m + 335. Is m composite?
False
Let v be (3 + 0)/(0 + -1). Let p = 5 + v. Suppose 0*m = p*m - 26. Is m prime?
True
Suppose -5*n + 3*n + 5*j = -3112, -3126 = -2*n - 2*j. Is n composite?
True
Let o(z) = -z**3 - 6*z**2 + 7*z + 2. Let l be o(-7). Let r(c) = 3 + c**2 + 4*c**2 - c**l + c**3 - 2*c**3. Is r(-4) com